{"id":195,"date":"2026-04-26T20:30:13","date_gmt":"2026-04-26T23:30:13","guid":{"rendered":"https:\/\/darkseagreen-rhinoceros-354725.hostingersite.com\/?page_id=195"},"modified":"2026-04-26T20:35:50","modified_gmt":"2026-04-26T23:35:50","slug":"politica-de-privacidade","status":"publish","type":"page","link":"https:\/\/uroaxis.com.br\/difuncao-eretil\/?page_id=195","title":{"rendered":"Pol\u00edtica de Privacidade"},"content":{"rendered":"\t\t<div data-elementor-type=\"wp-page\" data-elementor-id=\"195\" class=\"elementor elementor-195\" data-elementor-post-type=\"page\">\n\t\t\t\t<div class=\"elementor-element elementor-element-bd45d21 e-flex e-con-boxed e-con e-parent\" data-id=\"bd45d21\" data-element_type=\"container\">\n\t\t\t\t\t<div class=\"e-con-inner\">\n\t\t\t\t<div class=\"elementor-element elementor-element-e4c3d5c elementor-widget elementor-widget-text-editor\" data-id=\"e4c3d5c\" data-element_type=\"widget\" data-widget_type=\"text-editor.default\">\n\t\t\t\t<div class=\"elementor-widget-container\">\n\t\t\t\t\t\t\t\t\t<h1 data-section-id=\"1b9qpv8\" data-start=\"191\" data-end=\"216\">Pol\u00edtica de Privacidade<\/h1><p data-start=\"218\" data-end=\"258\"><strong data-start=\"218\" data-end=\"241\">\u00daltima atualiza\u00e7\u00e3o:<\/strong> 26\/04\/2026<\/p><p data-start=\"260\" data-end=\"431\">Esta Pol\u00edtica de Privacidade descreve como os dados pessoais s\u00e3o coletados, utilizados e protegidos ao acessar este site e utilizar os servi\u00e7os de telemedicina oferecidos.<\/p><p data-start=\"433\" data-end=\"514\">Ao utilizar este site, voc\u00ea concorda com os termos desta Pol\u00edtica de Privacidade.<\/p><hr data-start=\"516\" data-end=\"519\" \/><h2 data-section-id=\"1uh6xcr\" data-start=\"521\" data-end=\"537\">1. Quem somos<\/h2><p data-start=\"539\" data-end=\"607\">Este site oferece agendamento e atendimento m\u00e9dico por telemedicina.<\/p><p data-start=\"609\" data-end=\"688\">Respons\u00e1vel pelo tratamento dos dados:<br data-start=\"647\" data-end=\"650\" \/><strong data-start=\"650\" data-end=\"688\">Dr. Victor Capone \u2013 CRM-SP 217229<\/strong><\/p><p data-start=\"690\" data-end=\"740\">Contato: <strong>contato@uroaxis.com.br<\/strong><\/p><hr data-start=\"742\" data-end=\"745\" \/><h2 data-section-id=\"1aasioc\" data-start=\"747\" data-end=\"768\">2. Dados coletados<\/h2><p data-start=\"770\" data-end=\"891\">Podemos coletar dados pessoais fornecidos diretamente pelo usu\u00e1rio e dados coletados automaticamente durante a navega\u00e7\u00e3o.<\/p><h3 data-section-id=\"1dnkjt0\" data-start=\"893\" data-end=\"930\">2.1 Dados fornecidos pelo usu\u00e1rio<\/h3><ul data-start=\"931\" data-end=\"1076\"><li data-section-id=\"68nbmq\" data-start=\"931\" data-end=\"948\">Nome completo<\/li><li data-section-id=\"1b2aq79\" data-start=\"949\" data-end=\"972\">Telefone \/ WhatsApp<\/li><li data-section-id=\"6adjzd\" data-start=\"973\" data-end=\"983\">E-mail<\/li><li data-section-id=\"1xhaz50\" data-start=\"984\" data-end=\"1025\">Informa\u00e7\u00f5es fornecidas no agendamento<\/li><\/ul><p data-start=\"1078\" data-end=\"1195\">Informa\u00e7\u00f5es de sa\u00fade s\u00e3o consideradas <strong data-start=\"1116\" data-end=\"1144\">dados pessoais sens\u00edveis<\/strong>, conforme a Lei Geral de Prote\u00e7\u00e3o de Dados (LGPD).<\/p><h3 data-section-id=\"1xdh6c6\" data-start=\"1197\" data-end=\"1236\">2.2 Dados coletados automaticamente<\/h3><ul data-start=\"1237\" data-end=\"1357\"><li data-section-id=\"rqjy1w\" data-start=\"1237\" data-end=\"1252\">Endere\u00e7o IP<\/li><li data-section-id=\"1skrb51\" data-start=\"1253\" data-end=\"1275\">Dados de navega\u00e7\u00e3o<\/li><li data-section-id=\"1r4yfgh\" data-start=\"1276\" data-end=\"1313\">Cookies e tecnologias semelhantes<\/li><li data-section-id=\"vz7pak\" data-start=\"1314\" data-end=\"1357\">Informa\u00e7\u00f5es sobre dispositivo e navegador<\/li><\/ul><hr data-start=\"1359\" data-end=\"1362\" \/><h2 data-section-id=\"7fc9q\" data-start=\"1364\" data-end=\"1397\">3. Finalidade do uso dos dados<\/h2><p data-start=\"1399\" data-end=\"1443\">Os dados s\u00e3o utilizados exclusivamente para:<\/p><ul data-start=\"1445\" data-end=\"1728\"><li data-section-id=\"1rftg9n\" data-start=\"1445\" data-end=\"1483\">Realizar agendamentos de consultas<\/li><li data-section-id=\"vnlfw\" data-start=\"1484\" data-end=\"1532\">Realizar atendimento m\u00e9dico por telemedicina<\/li><li data-section-id=\"12bimqx\" data-start=\"1533\" data-end=\"1600\">Emitir receitas, atestados e pedidos de exames quando indicados<\/li><li data-section-id=\"afsu7x\" data-start=\"1601\" data-end=\"1637\">Entrar em contato com o paciente<\/li><li data-section-id=\"1rqfaa0\" data-start=\"1638\" data-end=\"1682\">Cumprir obriga\u00e7\u00f5es legais e regulat\u00f3rias<\/li><li data-section-id=\"172rzwt\" data-start=\"1683\" data-end=\"1728\">Melhorar a experi\u00eancia de navega\u00e7\u00e3o no site<\/li><\/ul><p data-start=\"1730\" data-end=\"1811\">Seus dados <strong data-start=\"1741\" data-end=\"1810\">n\u00e3o s\u00e3o vendidos, alugados ou compartilhados para fins comerciais<\/strong>.<\/p><hr data-start=\"1813\" data-end=\"1816\" \/><h2 data-section-id=\"5gdv0k\" data-start=\"1818\" data-end=\"1849\">4. Compartilhamento de dados<\/h2><p data-start=\"1851\" data-end=\"1914\">Os dados podem ser compartilhados apenas quando necess\u00e1rio com:<\/p><ul data-start=\"1916\" data-end=\"2054\"><li data-section-id=\"1jsmifk\" data-start=\"1916\" data-end=\"1946\">Plataformas de agendamento<\/li><li data-section-id=\"1pgpq8f\" data-start=\"1947\" data-end=\"1975\">Plataformas de pagamento<\/li><li data-section-id=\"137xaxo\" data-start=\"1976\" data-end=\"2009\">Sistemas de prontu\u00e1rio m\u00e9dico<\/li><li data-section-id=\"4w5ypa\" data-start=\"2010\" data-end=\"2054\">Autoridades legais, quando exigido por lei<\/li><\/ul><p data-start=\"2056\" data-end=\"2134\">Todos os parceiros adotam medidas de prote\u00e7\u00e3o de dados compat\u00edveis com a LGPD.<\/p><hr data-start=\"2136\" data-end=\"2139\" \/><h2 data-section-id=\"2hm75i\" data-start=\"2141\" data-end=\"2172\">5. Armazenamento e seguran\u00e7a<\/h2><p data-start=\"2174\" data-end=\"2315\">S\u00e3o adotadas medidas t\u00e9cnicas e administrativas para proteger os dados contra acesso n\u00e3o autorizado, perda, altera\u00e7\u00e3o ou divulga\u00e7\u00e3o indevida.<\/p><p data-start=\"2317\" data-end=\"2428\">Os dados s\u00e3o armazenados pelo per\u00edodo necess\u00e1rio para cumprimento de obriga\u00e7\u00f5es m\u00e9dicas, legais e regulat\u00f3rias.<\/p><hr data-start=\"2430\" data-end=\"2433\" \/><h2 data-section-id=\"1ezup6a\" data-start=\"2435\" data-end=\"2469\">6. Direitos do titular de dados<\/h2><p data-start=\"2471\" data-end=\"2530\">Nos termos da LGPD, voc\u00ea pode solicitar a qualquer momento:<\/p><ul data-start=\"2532\" data-end=\"2761\"><li data-section-id=\"1np7f6j\" data-start=\"2532\" data-end=\"2584\">Confirma\u00e7\u00e3o da exist\u00eancia de tratamento de dados<\/li><li data-section-id=\"1wmr3wh\" data-start=\"2585\" data-end=\"2614\">Acesso aos dados pessoais<\/li><li data-section-id=\"3h0dda\" data-start=\"2615\" data-end=\"2666\">Corre\u00e7\u00e3o de dados incompletos ou desatualizados<\/li><li data-section-id=\"1r6b8ws\" data-start=\"2667\" data-end=\"2706\">Exclus\u00e3o dos dados quando aplic\u00e1vel<\/li><li data-section-id=\"1x9iv4k\" data-start=\"2707\" data-end=\"2761\">Informa\u00e7\u00f5es sobre o uso e compartilhamento dos dados<\/li><\/ul><p data-start=\"2763\" data-end=\"2840\">Solicita\u00e7\u00f5es podem ser feitas pelos canais de contato dispon\u00edveis neste site.<\/p><hr data-start=\"2842\" data-end=\"2845\" \/><h2 data-section-id=\"kyb36r\" data-start=\"2847\" data-end=\"2867\">7. Uso de cookies<\/h2><p data-start=\"2869\" data-end=\"2999\">Este site pode utilizar cookies para melhorar a experi\u00eancia do usu\u00e1rio, an\u00e1lise de tr\u00e1fego e funcionamento adequado da plataforma.<\/p><p data-start=\"3001\" data-end=\"3064\">Voc\u00ea pode desativar cookies nas configura\u00e7\u00f5es do seu navegador.<\/p><hr data-start=\"3066\" data-end=\"3069\" \/><h2 data-section-id=\"1dxq0n2\" data-start=\"3071\" data-end=\"3102\">8. Altera\u00e7\u00f5es desta pol\u00edtica<\/h2><p data-start=\"3104\" data-end=\"3218\">Esta Pol\u00edtica de Privacidade pode ser atualizada a qualquer momento para refletir mudan\u00e7as legais ou operacionais.<\/p><p data-start=\"3220\" data-end=\"3266\">Recomenda-se a revis\u00e3o peri\u00f3dica desta p\u00e1gina.<\/p><hr data-start=\"3268\" data-end=\"3271\" \/><h2 data-section-id=\"1vqt0ke\" data-start=\"3273\" data-end=\"3286\">9. Contato<\/h2><p data-start=\"3288\" data-end=\"3435\">Em caso de d\u00favidas sobre esta Pol\u00edtica de Privacidade ou sobre o tratamento de dados pessoais, entre em contato pelos canais informados neste site.<\/p>\t\t\t\t\t\t\t\t<\/div>\n\t\t\t\t<\/div>\n\t\t\t\t\t<\/div>\n\t\t\t\t<\/div>\n\t\t<div class=\"elementor-element elementor-element-8cd2022 e-flex e-con-boxed e-con e-parent\" data-id=\"8cd2022\" data-element_type=\"container\">\n\t\t\t\t\t<div class=\"e-con-inner\">\n\t\t\t\t<div class=\"elementor-element elementor-element-51e363a elementor-align-center elementor-widget elementor-widget-button\" data-id=\"51e363a\" data-element_type=\"widget\" data-widget_type=\"button.default\">\n\t\t\t\t<div class=\"elementor-widget-container\">\n\t\t\t\t\t\t\t\t\t<div class=\"elementor-button-wrapper\">\n\t\t\t\t\t<a class=\"elementor-button elementor-button-link elementor-size-sm\" href=\"https:\/\/uroaxis.com.br\/difuncao-eretil\/\">\n\t\t\t\t\t\t<span class=\"elementor-button-content-wrapper\">\n\t\t\t\t\t\t\t\t\t<span class=\"elementor-button-text\">RETORNAR PARA P\u00c1GINA PRINCIPAL<\/span>\n\t\t\t\t\t<\/span>\n\t\t\t\t\t<\/a>\n\t\t\t\t<\/div>\n\t\t\t\t\t\t\t\t<\/div>\n\t\t\t\t<\/div>\n\t\t\t\t\t<\/div>\n\t\t\t\t<\/div>\n\t\t\t\t<\/div>\n\t\t","protected":false},"excerpt":{"rendered":"<p>Pol\u00edtica de Privacidade \u00daltima atualiza\u00e7\u00e3o: 26\/04\/2026 Esta Pol\u00edtica de Privacidade descreve como os dados pessoais s\u00e3o coletados, utilizados e protegidos ao acessar este site e utilizar os servi\u00e7os de telemedicina oferecidos. Ao utilizar este site, voc\u00ea concorda com os termos desta Pol\u00edtica de Privacidade. 1. Quem somos Este site oferece agendamento e atendimento m\u00e9dico por [&hellip;]<\/p>\n","protected":false},"author":1,"featured_media":0,"parent":0,"menu_order":0,"comment_status":"closed","ping_status":"closed","template":"elementor_canvas","meta":{"footnotes":""},"class_list":["post-195","page","type-page","status-publish","hentry"],"_hostinger_reach_plugin_has_subscription_block":false,"_hostinger_reach_plugin_is_elementor":false,"_links":{"self":[{"href":"https:\/\/uroaxis.com.br\/difuncao-eretil\/index.php?rest_route=\/wp\/v2\/pages\/195","targetHints":{"allow":["GET"]}}],"collection":[{"href":"https:\/\/uroaxis.com.br\/difuncao-eretil\/index.php?rest_route=\/wp\/v2\/pages"}],"about":[{"href":"https:\/\/uroaxis.com.br\/difuncao-eretil\/index.php?rest_route=\/wp\/v2\/types\/page"}],"author":[{"embeddable":true,"href":"https:\/\/uroaxis.com.br\/difuncao-eretil\/index.php?rest_route=\/wp\/v2\/users\/1"}],"replies":[{"embeddable":true,"href":"https:\/\/uroaxis.com.br\/difuncao-eretil\/index.php?rest_route=%2Fwp%2Fv2%2Fcomments&post=195"}],"version-history":[{"count":10,"href":"https:\/\/uroaxis.com.br\/difuncao-eretil\/index.php?rest_route=\/wp\/v2\/pages\/195\/revisions"}],"predecessor-version":[{"id":206,"href":"https:\/\/uroaxis.com.br\/difuncao-eretil\/index.php?rest_route=\/wp\/v2\/pages\/195\/revisions\/206"}],"wp:attachment":[{"href":"https:\/\/uroaxis.com.br\/difuncao-eretil\/index.php?rest_route=%2Fwp%2Fv2%2Fmedia&parent=195"}],"curies":[{"name":"wp","href":"https:\/\/api.w.org\/{rel}","templated":true}]}}